tors of f.
2, 5, 19, 29
Let b(r) = -r**2 + 4*r + 11. Let p be b(6). Let x be 10 + -8 + (0 - (p - 1)). What are the prime factors of (411/x)/((-33)/(-44))?
137
Suppose 2*k = 5*t + 3228, 5*k = 4*t - 5*t + 8097. Suppose -9*w = -9100 - k. What are the prime factors of w?
3, 397
Let z = -6993 + 13421. List the prime factors of z.
2, 1607
Let u be (-8 + 0)*15/(-60). Suppose 3*h = -o + u*o + 623, -4*o = -4. What are the prime factors of h?
2, 13
Let a = 25 + -22. Suppose a*l = m + 2, -2*m + 14 = 3*m - 3*l. Suppose 296 = 3*t + 2*c, -m*t + 87 + 317 = -2*c. What are the prime factors of t?
2, 5
Let u(b) = b**3 - b**2 - 4*b - 9. Let h be u(5). Let i = 239 - h. Suppose d + 3*w = 184, -2*d + d = -w - i. What are the prime factors of d?
2, 43
Let w(y) = -76*y**2 - 14*y + 6. Let j(d) = -38*d**2 - 7*d + 3. Let r(v) = 5*j(v) - 3*w(v). Let p be r(11). What are the prime factors of p/72 + 2/18?
5, 13
Let j = -59127 + 100238. List the prime factors of j.
7, 839
Let k = -26589 - -63132. List the prime factors of k.
3, 13, 937
Let s(p) = 12*p**2 - 20*p + 32. Let n(r) = r**2 + 1. Let w(d) = -10*n(d) + s(d). What are the prime factors of w(18)?
2, 5, 31
Let c(s) = 3*s**3 + 2*s**2 + 2*s - 1. Let g be (-4)/(-6)*63/14. Suppose g*f + t = 2*f, 0 = -5*f + 3*t + 16. What are the prime factors of c(f)?
5, 7
Let f(x) = -x**3 - 5*x**2 + 2*x - 19. Let z be f(-6). Suppose -y + z*y - 3819 = -s, 4*y + 5*s - 3799 = 0. What are the prime factors of y?
2, 239
Suppose 4*v + 3*w - 2612 = 0, 4*w - 12 = w. Suppose q - 3*t + 1300 = 5*q, 2*q + 2*t - v = 0. List the prime factors of q.
5, 13
Let o be (-3)/11 + 162/(-11). What are the prime factors of 33/(8/((-3040)/o))?
2, 11, 19
Let i be 3 + ((-27306)/15 - 15/25). List the prime factors of i/(-15) + -10 + 1/(-5).
3, 37
Let k = 131 + -129. Suppose -6*b = -2*g - 7*b + 1394, k*b + 2091 = 3*g. What are the prime factors of g?
17, 41
Let t be (2 - (1 + -67)) + 4. Let q = 294 - t. Suppose q = 4*d + 5*s + 30, 0 = 5*d + 2*s - 257. List the prime factors of d.
53
Suppose 4*k - 1012 = 5*x, 260 = k + 3*x + 7. Let z = 638 - 633. Suppose -7 = -z*r + k. List the prime factors of r.
2, 13
Suppose -190 = -3*g + 170. Suppose 13*b - g + 640 = 0. List the prime factors of 53 - ((-34)/10 - 16/b).
2, 7
Suppose 0 = 3*f - w + 1 - 0, -3*f - 9 = 3*w. Let s be (2440/14)/(8*3/84). List the prime factors of f*(-1)/(5/s).
2, 61
What are the prime factors of (-12 + 15 - 0) + 1*5551?
2, 2777
Let i(j) = -2*j**2 - 15*j - 13. Let d be i(-6). Suppose 2*a - 6*n = -2*n + 18, 0 = d*a - n - 54. Suppose 2*c - 51 = -a. List the prime factors of c.
2, 5
Let j be (2 - 35/21)*(3 - 0). What are the prime factors of (106 - j) + (14 - 7 - 4)?
2, 3
Let i(r) = 249*r - 34. Let m be i(-7). Let q = m + 2526. What are the prime factors of q?
7, 107
Suppose -289 = 4*y - 4*j - 737, -5*y + 556 = -4*j. Let t = -69 + y. What are the prime factors of t?
3, 13
Let z(j) = 19 + 19 + 8*j + 68 - 9. List the prime factors of z(0).
97
What are the prime factors of 2/33 + (-168922702)/(-6666)?
3, 8447
Let d be 16 + (-9 - 0)*(-2)/(-6). Suppose 0 = -5*u - 4*n + 6, 10 = u + d*n - 10*n. List the prime factors of u/4*(-2 + 3 - 15).
7
Suppose -4*y + 0*y + 4 = 0, -2*k + 1659 = -5*y. Suppose 10*h - 1788 = k. What are the prime factors of h?
2, 131
Let b(k) = -9*k**3 - 8*k**2 + 5*k - 2. Let z(j) = j**3 + j**2 - j + 1. Let f(l) = b(l) + 6*z(l). Suppose -3 = w - 0. List the prime factors of f(w).
2, 5, 7
Suppose 0 = -2*l + 10, -5*l = -4*c - 2*l - 7. Let w be c*2/(-4) + -3*1. List the prime factors of (123 + w)*1/1.
7, 17
Suppose 93345 = -5*q + n + 408777, -252360 = -4*q - 4*n. List the prime factors of q.
3, 17, 1237
Suppose 4*q - 3*q - 47152 = -7*z, 2*z - 13446 = -4*q. List the prime factors of z.
6737
Let s(f) = 83*f + 106. Let v be s(21). Suppose -7*n = 197 - v. What are the prime factors of n?
2, 59
Let b(n) = -n**3 - 13*n**2 + 23*n + 29. Let a(y) = -20*y + 1 - 5*y**2 + 4*y**2 + 3*y**2 + 2*y. Let o be a(8). What are the prime factors of b(o)?
2, 67
Suppose 417574 + 426900 = 46*a + 25*a. What are the prime factors of a?
2, 19, 313
Let l = 121 - 105. Let r(u) = 10*u - 37. List the prime factors of r(l).
3, 41
Suppose 414 + 9951 = 2*s - 5525. What are the prime factors of s?
5, 7, 227
Suppose r - 1 = o, -8*r = 2*o - 6*r + 14. What are the prime factors of o + 11/((-44)/(-184))?
2, 3, 7
Let f = -2291 + 11194. List the prime factors of f.
29, 307
Let d be (68/5)/(2/(-20)). Let o = d - -141. What are the prime factors of o?
5
Let v(z) = -431*z + 1256. What are the prime factors of v(-9)?
5, 13, 79
What are the prime factors of ((3 - 4) + -9*15)/(34/(-102))?
2, 3, 17
Let w(x) = 17*x. Let l be w(-2). Let t be 14 + (-11 - 0) - -44. Let f = l + t. List the prime factors of f.
13
Suppose 25*j - 27*j + 8 = 0. Suppose 0 = 2*a - 0*a - m - 6, -8 = -4*a + j*m. What are the prime factors of ((-46)/(-5))/(-4*a/(-40))?
23
Let n(i) = 38*i**2 - 3*i + 25. List the prime factors of n(-4).
3, 5, 43
What are the prime factors of -6 + (18 + -14 - (-8011 + 1))?
2, 7, 11, 13
Let y(i) = -6*i**3 - 6*i**2 + 17*i - 3. Let g be (-114)/42 + 3 - 88/14. List the prime factors of y(g).
3, 5, 13
Suppose -75*b + 191*b - 11732268 = -338*b. What are the prime factors of b?
2, 3, 59, 73
Let k(s) = 2*s**3 + 1076*s + 17 + 0*s**3 - 54*s**2 - 1115*s. What are the prime factors of k(28)?
17, 29
What are the prime factors of 48/4 - 10 - 114/(-3)?
2, 5
Suppose u + 5*k = k - 15, -5*u - 75 = -4*k. Let n be (((-15)/(-25))/(-1))/(1/u). Suppose -5*s + 8*s + n = 0, -3*v = -2*s - 54. List the prime factors of v.
2
Let w(p) = -24*p + 29. Let q(i) = 0*i**2 + 10 - 475*i - 3*i**2 + 473*i. Let v be q(2). List the prime factors of w(v).
173
Let n(l) = l**2 + 31*l - 32. Suppose 43 = -4*x + q - 25, 34 = -2*x - 4*q. Let d be n(x). Let z = 397 + d. List the prime factors of z.
127
Let c = -1247 + 786. List the prime factors of 4/3 + c/(-3).
5, 31
List the prime factors of ((-24)/9 - -2)*(-39423 + 6 - -3).
2, 6569
Suppose 3*c - 30 = -x - 4*x, -4*x + 7 = -c. Suppose 0 = c*m - 3*u - 754, -m + 0*m = 3*u - 140. Let w = m + 35. What are the prime factors of w?
2, 23
Let m = -362 + 12522. Suppose 9*h + 23*h = m. What are the prime factors of h?
2, 5, 19
Let j(k) = 5*k**2 + k + 11. Let i be j(-5). Let z = 111 - i. What are the prime factors of 8/z*(5 - 65)?
2, 3
Let r(s) = -s. Let k(h) = -4*h - 11. Let w be k(-3). Let u(v) = 18. Let i(g) = w*u(g) - 5*r(g). List the prime factors of i(9).
3, 7
Suppose -m = -3*m + 2*p - 174, -4*m + p = 345. Let r = m + 91. List the prime factors of (212/(-3))/(r/(-3) - -1).
2, 53
Let z = -2343 - -1225. Let q = -695 - z. Suppose -5*i + 2*i = 4*b - q, 0 = i + b - 140. What are the prime factors of i?
137
Suppose o + 15 = 1. Let p = 18 + o. Suppose -p*t + 26 = -386. What are the prime factors of t?
103
Let a(g) = 258*g**2 - 7*g + 6. Let t(o) = 128*o**2 - 3*o + 3. Let x(i) = -4*a(i) + 9*t(i). List the prime factors of x(-2).
13, 37
Suppose 4*j = -21 + 101. Let a = j + -16. Suppose 3*u - 3*m + 0*m - 243 = 0, 3*u + a*m = 215. What are the prime factors of u?
7, 11
Suppose -5 = 5*t - 65. Let j be 1*t/((-12)/(-3)). Suppose j*g + 0*g + 167 = u, -g = -3*u + 541. What are the prime factors of u?
2, 7, 13
Let v(a) be the second derivative of -a**4/12 - a**3/3 + a**2 - 14*a. Let h be v(-2). Suppose k + 237 = h*t, 3*t - 135 = 2*t - 5*k. List the prime factors of t.
2, 3, 5
Let g(z) = 2*z**3 - 14*z**2 + 8*z - 56. Let j be g(7). Suppose j = 3*s + 3*o - 615, 22*s - 17*s = 3*o + 1049. List the prime factors of s.
2, 13
Let n(y) = 3*y + 1. Let w be n(11). Suppose -3*f + w + 65 = 0. What are the prime factors of f?
3, 11
Let o = -137 - -139. Suppose -4*j - o*g - 486 = -5*j, 0 = -5*j - g + 2375. What are the prime factors of j?
2, 7, 17
Suppose -4*k - 404 = -4*w, -311 = -4*w + w - 5*k. Let u(c) = -2*c**2 + 14*c + 8. Let l be u(10). Let z = w + l. What are the prime factors of z?
2, 5
Let q(w) = 29*w**3 + 35*w**2 + 42*w - 174. List the prime factors of q(7).
2, 43, 137
Suppose -42*i + 4588 = -11*i. What are the prime factors of i?
2, 37
Let i = 60 + -34. Let c = -18 + i. What are the prime factors of c/(-6)*357/(-14)?
2, 17
Let f(b) = -104*b + 10. Let q(x) = -1. Let n(g) = -f(g) + 8*q(g). What are the prime factors of n(2)?
2, 5, 19
What are the prime factors of (18/(-9